se g + 34 = 2*y. What are the prime factors of y?
3, 7
Suppose -3*u = 3*q - 24, -3 = 5*q - 4*u + 2. Suppose 3*t = -k + 15 - 4, -29 = -4*k + q*t. What are the prime factors of k?
2
Let q = 13 - 18. Let i = q - -27. Suppose -r + 30 = -5*k, -3*r + 28 + i = -5*k. List the prime factors of r.
2, 5
Suppose -3*a - 15 = -t + 3*t, 0 = 2*t - 3*a + 21. List the prime factors of (24/(-5))/(t/30).
2
Suppose -m - 2*u - 25 = -9, 3*u - 20 = 4*m. Let b(o) = -o**3 - 8*o**2 - 2*o - 12. List the prime factors of b(m).
2
Suppose -6*d + 49 = -329. What are the prime factors of d?
3, 7
Suppose -3*n = 4*h - 18, -3*h - 7 = 3*n - 28. Suppose -b + 6 + n = 0. List the prime factors of b.
2
Let u(c) = -3*c + 8. Let v be u(7). Let i = 32 + v. List the prime factors of i.
19
Let w = 28 + 5. List the prime factors of w.
3, 11
Let c(u) = 4*u**2 + 2*u. Let f(i) = -9*i**2 - 4*i - 1. Let l(v) = 5*c(v) + 2*f(v). Let r = 16 - 18. List the prime factors of l(r).
2
Let r be (2 - 2)/((-1)/(-1)). Let k(x) = x**3 - x. Let o be k(-1). Suppose r = 2*y - o*y - 24. List the prime factors of y.
2, 3
Let k be (-10)/(-4)*(3 + -1). Suppose -k*v - 26 + 111 = 0. List the prime factors of v.
17
Let y(d) = d**3 - 5*d**2 + 4*d - 4. Let q be y(5). Suppose 2*k = -k + w + 29, -4*w = -q. List the prime factors of k.
11
Suppose 32*l - 29*l - 255 = 0. What are the prime factors of l?
5, 17
Let z(d) = d**2 - 4*d + 12. What are the prime factors of z(6)?
2, 3
Let f(a) = a**2 - a - 2. Let c be f(-5). Suppose g - c = -5*r, -5*g + 184 = r + 2*r. List the prime factors of g.
2, 19
Suppose x = -4*v + 41, v - 53 = -2*x + x. What are the prime factors of x?
3, 19
Let p = 31 - 3. List the prime factors of p.
2, 7
Let x = -162 + 54. List the prime factors of (x/(-8))/((-4)/(-8)).
3
Let j be -1 + 12 - (2 + 1). Let z(o) = -o**2 + 8*o + 7. What are the prime factors of z(j)?
7
Let g = 0 - -124. What are the prime factors of g?
2, 31
Let q be 0 + 3 + (-2)/(-1). Suppose 4*c = 0, -2*g - 21 = -5*g - q*c. What are the prime factors of g?
7
Suppose 5*i = 3*i + 10. List the prime factors of 56/i - 4/20.
11
Let t(u) = -u**3 + 7*u**2 + 7*u + 7. Let i be t(8). Let q be 0/3 - (i + -1). Suppose x - 52 = -5*o, -q = -0*o - o - 3*x. What are the prime factors of o?
11
Suppose 0 = 3*f + f - 288. Suppose f = -x - 3*x. List the prime factors of (4/(-2) - x) + 0.
2
Let z = -14 + 23. Let j(i) = i - 9. Let r be j(z). Suppose r = -2*x - 0*x + 4. What are the prime factors of x?
2
Let y(l) = -14*l - 1. What are the prime factors of y(-3)?
41
Let j(d) be the third derivative of d**5/30 + d**4/4 - 3*d**2. Let u(t) = -2*t + 2. Let m be u(3). List the prime factors of j(m).
2
Let n = 334 + -181. What are the prime factors of n?
3, 17
Let o = -59 + 78. List the prime factors of o.
19
Suppose q + 3*a - 2*a = 37, 0 = -5*a + 5. List the prime factors of q.
2, 3
Suppose -105 - 282 = -9*n. What are the prime factors of n?
43
Let y(l) = -l**3 + 7*l**2 - 4*l - 6. Let u be y(6). Let b be 8/3*6/4. List the prime factors of (b/6)/(u/81).
3
Suppose j + 13 = 4*l - 0*l, -3*l = -2*j - 6. Suppose l*o = -o + 15. What are the prime factors of (12/10)/(o/30)?
2, 3
Let q(c) = c + 5. List the prime factors of q(19).
2, 3
Suppose -x = -3*x + 28. Suppose -w + 1 = -a - 0, 4*w + x = -2*a. Let j = a - -12. List the prime factors of j.
3
Suppose -5*s + 374 = -3*p, -3*s + 296 = s - 4*p. List the prime factors of s.
2, 19
Suppose 3*b - 95 + 2 = 0. What are the prime factors of b?
31
Suppose -3*n + 15 = 5*c, 0 = -4*c - n + 14 - 2. Suppose -2*q - c*g + 28 = -0*g, 0 = 2*q - 4*g - 28. List the prime factors of q.
2, 7
Suppose u - 20 - 24 = 0. Suppose -4*w + 2*b = -u, -4*w + 0*b + 42 = -3*b. List the prime factors of w.
2, 3
List the prime factors of 6/(-6)*(-10 - 0).
2, 5
Suppose 2*i - 6 = -0*i. Let c = i - -9. List the prime factors of c.
2, 3
Let w(b) = 6*b - 2. Let q be w(2). Suppose -2*d + 3*d = q. Suppose 0 = 2*c + d, c + 6 + 7 = k. List the prime factors of k.
2
Let a(m) be the third derivative of m**5/60 - m**3/2 + 3*m**2. List the prime factors of a(5).
2, 11
Suppose -y = -3*y + 2. Let w = -8 - -6. What are the prime factors of y - (-4 - w)*4?
3
Let x(u) be the third derivative of -u**4/8 + u**3/2 + 2*u**2. Let c be x(6). Let h = -7 - c. List the prime factors of h.
2
Suppose -2*j + t + 14 = 0, 5*t - 2*t - 14 = -j. Suppose 0 = j*l - 3*l - 25. Suppose -3*u - 5*h = -58, 2*u + 0*h - l*h = -3. What are the prime factors of u?
11
Let q(l) = -l**2 - 9*l - 11. List the prime factors of q(-5).
3
Suppose 3*j - 4*j + 2 = 0. Suppose -5*z + 22 = 2*l, -2*l - j*l + 2*z = -68. What are the prime factors of l?
2
Let k(c) = c + 5. Let i(f) = -2*f - 10. Let t(o) = 6*i(o) + 13*k(o). List the prime factors of t(4).
3
Suppose 0 = 2*z + 81 - 419. What are the prime factors of z?
13
Let i(o) = o**2 + 8*o - 4. Let u be i(-9). Suppose 0 = 4*l - 0*r - 4*r - 44, -5*l - u*r + 5 = 0. What are the prime factors of l?
2, 3
Let u(k) = -k + 16. Let n be u(11). Suppose 3*r - 41 = -2*h, 0 = n*h + 5*r - 79 - 11. List the prime factors of h.
13
Suppose 2*f = -4*k - 14, -3*k - 3 + 0 = 4*f. Let o = 14 + f. List the prime factors of o.
17
Suppose 10 = -g + 62. List the prime factors of g.
2, 13
Let r = 36 - 22. List the prime factors of r.
2, 7
Let j = 2 + -3. List the prime factors of 2/j - (-36)/3.
2, 5
Suppose -2*t = -7*t + 20. Suppose -5*v - 6*u = -u - 25, 0 = 2*v + t*u - 12. Suppose -10 - 2 = -v*l. List the prime factors of l.
3
Let x = 78 + -56. List the prime factors of x.
2, 11
Suppose g + 11 = -13. Let l = 49 + g. What are the prime factors of l?
5
Let x(q) = -12*q**3 - q**2 - q - 1. What are the prime factors of x(-1)?
11
Let s = 126 + -57. What are the prime factors of s?
3, 23
Suppose 0 = -3*k + k. Suppose -z = -2*p + 13, k = -3*p - 6*z + 2*z + 47. What are the prime factors of p?
3
Let k be (-1 - -4)*112/24. Suppose 4*y + 4 + 27 = -t, -4*t + 11 = y. Let w = k + y. List the prime factors of w.
5
Let a be (-8)/6*(-3 + 0). Suppose 0 = -3*g - 2*v - v + 27, 3*g - 4*v - 48 = 0. Let t = g - a. What are the prime factors of t?
2
Let l be (-1 + 14/10)*5. What are the prime factors of (10 + 1)*(l + -1)?
11
Let b = -2 - -32. Suppose -b = 5*c + 5*l, c - 3*l + 0*l - 2 = 0. List the prime factors of (c + -17)/(6/(-4)).
2, 7
Let q be (-1 + 3)*21/6. Let l(g) = g**2 - 3*g - 10. What are the prime factors of l(q)?
2, 3
Suppose 6*s - 7*s = 0. Suppose s = -0*z + 4*z - 40. List the prime factors of z.
2, 5
Let d = -12 - -20. Suppose 0 = -3*s, -d - 37 = -w - 3*s. Suppose -2 = 2*o + 4*j, 5*o - 5*j - 25 - w = 0. What are the prime factors of o?
3
Let c(r) = 6*r**2 + 2*r + 3. Let d be c(-2). Let k = 49 - d. What are the prime factors of k?
2, 13
Let m(b) = b + 5. Let v be m(-5). Suppose 0 = 2*p - 0*p - 5*q, v = 2*p - 3*q. Suppose 3*w - 62 + 12 = -r, p = -w - 4*r + 35. What are the prime factors of w?
3, 5
Suppose -5*x + 10*x = 1560. List the prime factors of x.
2, 3, 13
Let d = -10 + 16. What are the prime factors of d?
2, 3
Suppose 1533 = 11*h - 667. List the prime factors of h.
2, 5
Suppose -3*x + 152 + 220 = 0. List the prime factors of x.
2, 31
Let t(o) = -o**2 - 4*o - 3. Let v(s) = s**2 + 5*s + 3. Let g(j) = -4*t(j) - 5*v(j). Suppose 8 + 6 = -2*k. What are the prime factors of g(k)?
11
Let h = 160 - 83. List the prime factors of h.
7, 11
List the prime factors of 18/(-8)*(-127 - 9).
2, 3, 17
Let z(o) = -8*o + 2. Let n be z(-1). Let q(k) = 2*k - 12. List the prime factors of q(n).
2
List the prime factors of 75/(-125) - (-916)/10.
7, 13
Suppose 2*q + 3 + 3 = 0, 3*f = -2*q + 21. Let u = 13 - f. List the prime factors of u.
2
Suppose 5*m + 0*m - 24 = -u, 4*u + 2*m - 24 = 0. What are the prime factors of u?
2
Let k(d) = -33*d - 36. List the prime factors of k(-4).
2, 3
Let w be (-444)/(-10) + (-10)/25. Suppose -4*b = -8*b + w. What are the prime factors of b?
11
What are the prime factors of (18/(-15))/(2/(-60))?
2, 3
Let g = -13 - -16. Suppose o = 5*w - 3, o + g*w = -7 + 36. What are the prime factors of o?
17
Suppose 7 = -3*s - 5. List the prime factors of 14/s*-4 + 4.
2, 3
Suppose -2*p - 2*j = -2, 5*p + 3*j = 8 - 1. What are the prime factors of ((-8)/16)/(p/(-56))?
2, 7
Let q(i) be the third derivative of -i**6/120 - i**5/30 + i**3/6 + i**2. What are the prime factors of q(-3)?
2, 5
Suppose -62 - 20 = -2*r. Wh